{"version":"1.0","provider_name":"Patricia Mesina","provider_url":"https:\/\/patriciamesina.com\/ca\/","author_name":"YoureBLD23","author_url":"https:\/\/patriciamesina.com\/ca\/author\/YoureBLD23\/","title":"Pic-de-La-Serrera-2913-m-Vall-de-Ransol-Andorra  Patricia Mesina","type":"rich","width":600,"height":338,"html":"<blockquote class=\"wp-embedded-content\" data-secret=\"hXk7ffQjXs\"><a href=\"https:\/\/patriciamesina.com\/ca\/pic-de-serrera-2913m\/\">Pic de Serrera 2913m<\/a><\/blockquote><iframe sandbox=\"allow-scripts\" security=\"restricted\" src=\"https:\/\/patriciamesina.com\/ca\/pic-de-serrera-2913m\/embed\/#?secret=hXk7ffQjXs\" width=\"600\" height=\"338\" title=\"&#8220;Pic de Serrera 2913m&#8221; &#8212; Patricia Mesina\" data-secret=\"hXk7ffQjXs\" frameborder=\"0\" marginwidth=\"0\" marginheight=\"0\" scrolling=\"no\" class=\"wp-embedded-content\"><\/iframe><script>\n\/*! This file is auto-generated *\/\n!function(d,l){\"use strict\";l.querySelector&&d.addEventListener&&\"undefined\"!=typeof URL&&(d.wp=d.wp||{},d.wp.receiveEmbedMessage||(d.wp.receiveEmbedMessage=function(e){var t=e.data;if((t||t.secret||t.message||t.value)&&!\/[^a-zA-Z0-9]\/.test(t.secret)){for(var s,r,n,a=l.querySelectorAll('iframe[data-secret=\"'+t.secret+'\"]'),o=l.querySelectorAll('blockquote[data-secret=\"'+t.secret+'\"]'),c=new RegExp(\"^https?:$\",\"i\"),i=0;i<o.length;i++)o[i].style.display=\"none\";for(i=0;i<a.length;i++)s=a[i],e.source===s.contentWindow&&(s.removeAttribute(\"style\"),\"height\"===t.message?(1e3<(r=parseInt(t.value,10))?r=1e3:~~r<200&&(r=200),s.height=r):\"link\"===t.message&&(r=new URL(s.getAttribute(\"src\")),n=new URL(t.value),c.test(n.protocol))&&n.host===r.host&&l.activeElement===s&&(d.top.location.href=t.value))}},d.addEventListener(\"message\",d.wp.receiveEmbedMessage,!1),l.addEventListener(\"DOMContentLoaded\",function(){for(var e,t,s=l.querySelectorAll(\"iframe.wp-embedded-content\"),r=0;r<s.length;r++)(t=(e=s[r]).getAttribute(\"data-secret\"))||(t=Math.random().toString(36).substring(2,12),e.src+=\"#?secret=\"+t,e.setAttribute(\"data-secret\",t)),e.contentWindow.postMessage({message:\"ready\",secret:t},\"*\")},!1)))}(window,document);\n\/\/# sourceURL=https:\/\/patriciamesina.com\/wp-includes\/js\/wp-embed.min.js\n<\/script>\n","thumbnail_url":"https:\/\/patriciamesina.com\/wp-content\/uploads\/2023\/05\/11163074_10202626771349928_1090751439225177800_o.jpg","thumbnail_width":800,"thumbnail_height":532,"description":"Ascenci\u00f3 al Pic de La Serrera amb esqu\u00eds des de Ransol: una cl\u00e0ssica de l\u00b4esqu\u00ed de muntanya a Andorra, paisatges incre\u00efbles i neu assegurada."}

Ascenció al Pic de La Serrera amb esquís des de Ransol: una clàssica de l´esquí de muntanya a Andorra, paisatges increïbles i neu assegurada.
